 the remainder when 49 is divided by (67 - -1)*u/(-24)?
15
Suppose 4*z + 5*r + 33 = 81, -3*r = -4*z + 80. Calculate the remainder when 150 is divided by z.
14
Suppose -3*w + 4*s = -253, -5*w - 6*s + 433 = -7*s. Calculate the remainder when w is divided by 32.
23
Suppose -3*s + 4 = -8, -212 = -4*k + 5*s. What is the remainder when 576 is divided by k?
54
Suppose 0*f + 22 = 3*f + 5*s, -1 = s. Suppose f*l = 8*l + 170. Suppose -x = -6*x + l. Calculate the remainder when x is divided by 12.
10
Let y(m) = 43 - 10*m + 0*m**3 - 16*m**2 - 6*m - m**3 - 47. Let s = -6 + 12. What is the remainder when y(-15) is divided by s?
5
Let j = -50 + 50. Suppose n = 3*c - 52, j*c - 4*c - n + 67 = 0. What is the remainder when c is divided by 10?
7
Suppose 45*c - 2638 = 14417. What is the remainder when c is divided by 19?
18
Suppose -3*g + 0 = -k - 4, -16 = -3*g + 4*k. Suppose -3 = d + 1, r + 4*d + 3 = g. Calculate the remainder when 38 is divided by r.
12
Let m(b) = -b**2 - 2*b + 24. Let z(k) = -k**2 - 2*k + 22. Let n(d) = -6*m(d) + 5*z(d). Calculate the remainder when n(14) is divided by 64.
62
Let g = 542 - 467. What is the remainder when g is divided by 33?
9
Suppose 2*a + a - 51 = 0. Let v = 958 + -949. What is the remainder when a is divided by v?
8
Let d = 1356 - 1341. Let q(u) = 58*u**2 - 2*u - 1. What is the remainder when q(-1) is divided by d?
14
Suppose 2*t = -5*s + 4, -4*t + 8 = 4*s - 0*s. Suppose 12 = 3*u, -5*j - 3*u + 5*u + 62 = s. Calculate the remainder when 110 is divided by j.
12
Suppose m + 6*m = 21. Suppose -y - 18 = -m*y. Let b(k) = 5*k + 1. Calculate the remainder when y is divided by b(1).
3
Suppose 5*l = 5*y + 4*l - 167, -l - 35 = -y. What is the remainder when 84 is divided by y?
18
Suppose -d + 50 = 42. Let q(n) = -4*n**2 + 6*n + 1. Let s(o) = 3*o**2 - 6*o - 2. Let c(a) = 2*q(a) + 3*s(a). What is the remainder when 47 is divided by c(d)?
11
Suppose 18*r - 24 = 19*r. Let n = r - -47. What is the remainder when 43 is divided by n?
20
Suppose -2*w + 615 = 3*w. Let v = -105 + 222. Let b = 148 - v. What is the remainder when w is divided by b?
30
Let c(b) = b**3 + 6*b**2 + 5*b + 5. Let o be c(-5). Suppose 3*l = 15, -g - l = -o*l + 6. Calculate the remainder when 26 is divided by g.
12
Let j = -22 + 9. Let r = -9 - j. Suppose k - 15 = r. Calculate the remainder when 56 is divided by k.
18
Let p(r) = -2*r**3 - r**2 + 8*r + 11. Calculate the remainder when 57 is divided by p(-3).
25
Let b = -366 + 417. Calculate the remainder when 106 is divided by b.
4
Suppose -4*c = -5*m - 0*c + 265, 5*c + 172 = 3*m. Calculate the remainder when m is divided by 13.
10
Let q(t) = 2*t**2 - 9*t + 14. Let a be q(6). Let y = a - 20. What is the remainder when 101 is divided by y/(-9) + (-220)/(-12)?
16
Suppose -4*p + 30 = -p. Suppose -2*t - g + 2*g = -7, g + p = 3*t. Suppose 17 = 4*j - t. Calculate the remainder when j is divided by 4.
1
Let d(w) = -56*w - 95. What is the remainder when d(-9) is divided by 103?
100
Let l be (47 - -1)*(-2)/3. Suppose 0 = -4*u + 13 - 53. Let w = u - l. Calculate the remainder when w is divided by 8.
6
Let u(k) = 141*k - 469. What is the remainder when 319 is divided by u(4)?
34
Let m = 12 - 7. Suppose m*k = 2*h - 824, -k - 4 = -2. Suppose 0 = -4*i - 20, -3*i + h = 4*f - 22. Calculate the remainder when f is divided by 28.
27
Let f = 1173 - 356. Calculate the remainder when f is divided by 20.
17
Suppose -8*n = -15*n + 28. Let f be 4/6 - 4/6. Suppose f = -0*s - s + 5. What is the remainder when s is divided by n?
1
Suppose 0 = 54*q - 3246 - 264. Calculate the remainder when 197 is divided by q.
2
Calculate the remainder when 13 - (7 - -9)*-1 is divided by 16 + (-1 - (-6)/3).
12
Let w(y) = y**3 + 3*y**2 - 4*y + 1. Let z be w(-4). Suppose 18 = j - z. What is the remainder when j is divided by (-1)/(-1 + 4/5)?
4
Suppose 0 = 2*o - 12*o + 260. Calculate the remainder when 152 is divided by o.
22
Suppose 0 = 4*n + 3*f - 538, 7 - 1 = -3*f. Calculate the remainder when n is divided by 37.
25
Let j be 1*4/(-8)*0. Suppose 4*z - 198 - 214 = j. What is the remainder when z is divided by 26?
25
Suppose -34*w + 32*w = -160. What is the remainder when w is divided by 12?
8
Suppose -l - 2*l + 67 = -5*b, -5*b - 73 = 3*l. Let k = b - -18. Suppose 15 = 6*w - w, 4*v - k*w = 8. Calculate the remainder when 9 is divided by v.
4
Suppose 3*l = -0*l + 6, -5*z - 9 = 3*l. Let k = z - -6. Let m(x) = 6*x. Calculate the remainder when m(1) is divided by k.
0
Let r = 22 + -15. Let a = r - -8. Suppose 0 = 5*o - 10 - a. Calculate the remainder when 7 is divided by o.
2
Let x(f) = f**2 + 3*f - 15. Calculate the remainder when x(-9) is divided by 10.
9
Let p(a) = a**3 + 7*a**2 + 4*a - 3. Suppose -5*q + 6*q = 20. Suppose 3*y - y - q = 0. Calculate the remainder when p(-5) is divided by y.
7
Let q = -101 - -162. What is the remainder when q is divided by 22?
17
Let k(g) = g**2 + 4*g + 3*g + 5 + 3*g**2 + 0*g. What is the remainder when k(-6) is divided by 36?
35
Let a(p) = -p**3 - 5*p**2 - 14*p - 45. What is the remainder when 123 is divided by a(-5)?
23
Let v(z) = z**3 + 8*z**2 + 3*z - 17. What is the remainder when 97 is divided by v(-7)?
9
Suppose 15 = -5*v, d + 3*v + v = 25. Let o = d + -15. What is the remainder when o is divided by 13?
9
Suppose 4*s - 108 = -5*i, -4*i + 76 = 5*s - 14. Calculate the remainder when 175 is divided by i.
15
Let j be (-19)/(-2)*2*-1. Suppose -v + 6 = -30. Calculate the remainder when v is divided by (0 - j)/(5 - 4).
17
Let y(j) = 39*j + 1. Let x = 22 + -16. Let l be 4/x + (-6)/(-18). What is the remainder when y(l) is divided by 14?
12
Let u(i) = -138*i**3 - 4*i - 4. Calculate the remainder when u(-1) is divided by 25.
13
Suppose 0 = 5*d - 4*z + 56, 2*d - 5*z + 36 = -0*z. Let w(i) = i**3 + 9*i**2 + 6*i - 2. What is the remainder when w(d) is divided by 4?
2
Let y = -469 - -610. Calculate the remainder when y is divided by 36.
33
Let v = 310 + -227. Calculate the remainder when v is divided by 28.
27
Let r(c) = 3*c**2 + 7*c - 1. Let s be r(-9). Suppose 0 = 2*p - s - 159. Let d = -118 + p. What is the remainder when d is divided by 18?
15
Calculate the remainder when ((-64)/(-72))/4 - (-3110)/18 is divided by 45.
38
Let y(a) = -a**3 + 21*a**2 - 16*a + 33. Suppose -55 = q - 4*q - z, -2*q + 30 = 2*z. Calculate the remainder when y(q) is divided by 30.
23
Let k = -550 - -590. Calculate the remainder when 67 is divided by k.
27
Let j(z) = -2*z**2 + 31*z - 9. Let x be j(15). Suppose x*h - 2*h = 20. What is the remainder when h is divided by 4?
1
Calculate the remainder when 1/((2/(-198))/(-1)) is divided by ((-2)/5)/((-1)/85).
31
Let o(m) = -m**3 - 3*m**2 + 15*m - 23. Calculate the remainder when 473 is divided by o(-7).
65
Let m(n) = -8*n + 18. Let q(b) = 12*b - 27. Let x(a) = 8*m(a) + 5*q(a). Let y be x(8). Let z = -12 - y. What is the remainder when z is divided by 3?
2
Let b(a) = 44*a**2. Let h be 54/36 - 2/4. What is the remainder when 219 is divided by b(h)?
43
Let n = -50 + 55. What is the remainder when 40 is divided by n?
0
Suppose 5*j + 2*s = 242, -s = -4*s + 3. Suppose -3*y - 4*g = -45, -y + 2*g - 32 = -3*y. What is the remainder when j is divided by y?
10
Let o(w) = -w**2 - 5*w + 9. Let x be o(-6). Suppose -2*i - 193 = -x*i. Suppose 61 - i = -3*h. Calculate the remainder when h is divided by 15.
14
Let p = 2 + 9. Suppose -1 = 2*v - 4*q + p, -5*v + 4*q = 60. Calculate the remainder when 11 is divided by 4/v - (-34)/8.
3
Let b = -742 - -807. Calculate the remainder when b is divided by 23.
19
Let o = 28 + -6. Calculate the remainder when 66 is divided by -4 + (o - -2) + -3.
15
Let j(l) = -l**3 - 17*l**2 - 16*l + 2. Let f be j(-16). Suppose 2*k + 6*d - 4*d = 64, -5*k + 160 = f*d. What is the remainder when k is divided by 11?
10
Let k be (0 + -2)/(4/(-10)). Suppose 3*s + 5*w = 140, 4*s + k*w - w = 176. Suppose v - 112 = -7*v. What is the remainder when s is divided by v?
12
Suppose -4*p + 36 = -p. Suppose -3*n - n + 20 = 0, -2*w - 5*n + 237 = 0. Calculate the remainder when w is divided by p.
10
Let i = 288 - 254. What is the remainder when i is divided by 17?
0
Let l(r) = -5*r - 8. Suppose f + 4*g + 7 = 0, 3*f + 5*g + 9 = -5. Let t(d) = -3*d + 3. What is the remainder when t(-5) is divided by l(f)?
4
Suppose 60 = -0*i - 3*i. Let g